{"id":170,"date":"2014-04-01T03:54:08","date_gmt":"2014-04-01T03:54:08","guid":{"rendered":"http:\/\/tenisdemesaacre.com.br\/site\/?page_id=170"},"modified":"2016-01-11T18:46:39","modified_gmt":"2016-01-11T18:46:39","slug":"calendario-etapas-2014","status":"publish","type":"page","link":"https:\/\/tenisdemesaacre.com.br\/site\/calendario-etapas-2014\/","title":{"rendered":"Calend\u00e1rio Etapas 2014"},"content":{"rendered":"<h1>Calend\u00e1rio das ETAPAS do T\u00caNIS DE MESA FTMAC \/ Local : A.A.B.B.<\/h1>\n<p>&nbsp;<\/p>\n<p><span style=\"font-family: Arial, sans-serif;\"><em><span style=\"text-decoration: underline;\"><strong>Calend\u00e1rio das Atividades da FTMEAC, para o Ranking Acriano de 2014 \u2013 Circuito 2014<\/strong><\/span><\/em><\/span><\/p>\n<p>&nbsp;<\/p>\n<p><span style=\"font-family: Arial, sans-serif;\"><em><strong>1\u00aa etapa: FEVEREIRO\/2014<\/strong><\/em><\/span><\/p>\n<p><span style=\"font-family: Arial, sans-serif;\"><em>Categoria Pr\u00e9-Mirim e Mirim, e Estreantes dia 25\/02\/2014 (ter\u00e7a-feira)<\/em><\/span><\/p>\n<p><span style=\"font-family: Arial, sans-serif;\"><em>Infantil\/Juvenil e Absoluto dia 27\/02\/2014 ( quinta-feira)<\/em><\/span><\/p>\n<p><span style=\"font-family: Arial, sans-serif;\"><em>Categoria Veterano + dia 01\/03\/2014 (s\u00e1bado) <\/em><\/span><\/p>\n<p>&nbsp;<\/p>\n<p><span style=\"font-family: Arial, sans-serif;\"><em><strong>2\u00aa etapa: MAR\u00c7O\/2014<\/strong><\/em><\/span><\/p>\n<p><span style=\"font-family: Arial, sans-serif;\"><em>Categoria Pr\u00e9-Mirim e Mirim e Estreantes dia 25\/03\/2014 (ter\u00e7a-feira)<\/em><\/span><\/p>\n<p><span style=\"font-family: Arial, sans-serif;\"><em>Categoria Infantil\/Juvenil e Absoluto dia 27\/03\/2014 (quinta-feira)<\/em><\/span><\/p>\n<p><span style=\"font-family: Arial, sans-serif;\"><em>Categoria Veterano +- dia 29\/03\/2014 (s\u00e1bado) <\/em><\/span><\/p>\n<p>&nbsp;<\/p>\n<p>&nbsp;<\/p>\n<p><span style=\"font-family: Arial, sans-serif;\"><em><strong>3\u00aa etapa: ABRIL\/2014<\/strong><\/em><\/span><\/p>\n<p><span style=\"font-family: Arial, sans-serif;\"><em>Categoria Pr\u00e9-Mirim e Mirim e Estreantes dia 22\/04\/2014 (ter\u00e7a-feira)<\/em><\/span><\/p>\n<p><span style=\"font-family: Arial, sans-serif;\"><em>Categoria Infantil\/Juvenil e Absoluto dia 24\/04\/2014 (quinta-feira)<\/em><\/span><\/p>\n<p><span style=\"font-family: Arial, sans-serif;\"><em>Categoria Veterano +- dia 26\/04\/2014 (s\u00e1bado) <\/em><\/span><\/p>\n<p>&nbsp;<\/p>\n<p>&nbsp;<\/p>\n<p>&nbsp;<\/p>\n<p><span style=\"font-family: Arial, sans-serif;\"><em><strong>4\u00aa etapa: MAIO\/2014<\/strong><\/em><\/span><\/p>\n<p><span style=\"font-family: Arial, sans-serif;\"><em>Categoria Pr\u00e9-Mirim e Mirim e Estreantes dia 27\/05\/2014 (ter\u00e7a-feira)<\/em><\/span><\/p>\n<p><span style=\"font-family: Arial, sans-serif;\"><em>Categoria Infantil\/Juvenil e Absoluto dia 29\/05\/2014 (quinta-feira)<\/em><\/span><\/p>\n<p><span style=\"font-family: Arial, sans-serif;\"><em>Categoria Veterano +- dia 31\/05\/2014 (s\u00e1bado) <\/em><\/span><\/p>\n<p>&nbsp;<\/p>\n<p><span style=\"font-family: Arial, sans-serif;\"><em><strong>5\u00aa etapa: JULHO\/2014<\/strong><\/em><\/span><\/p>\n<p><span style=\"font-family: Arial, sans-serif;\"><em>Categoria Pr\u00e9-Mirim e Mirim e Estreantes dia 29\/07\/2014 (ter\u00e7a-feira)<\/em><\/span><\/p>\n<p><span style=\"font-family: Arial, sans-serif;\"><em>Categoria Infantil\/Juvenil e Absoluto dia 31\/07\/2014 (quinta-feira)<\/em><\/span><\/p>\n<p><span style=\"font-family: Arial, sans-serif;\"><em>Categoria Veterano +- dia 26\/07\/2014 (s\u00e1bado) <\/em><\/span><\/p>\n<p>&nbsp;<\/p>\n<p><span style=\"font-family: Arial, sans-serif;\"><em><strong>6\u00aa etapa: AGOSTO\/2014<\/strong><\/em><\/span><\/p>\n<p><span style=\"font-family: Arial, sans-serif;\"><em>Categoria Pr\u00e9-Mirim e Mirim e Estreantes dia 26\/08\/2014 (ter\u00e7a-feira)<\/em><\/span><\/p>\n<p><span style=\"font-family: Arial, sans-serif;\"><em>Categoria Infantil\/Juvenil e Absoluto dia 28\/08\/2014 (quinta-feira)<\/em><\/span><\/p>\n<p><span style=\"font-family: Arial, sans-serif;\"><em>Categoria Veterano +- dia 30\/08\/2014 (s\u00e1bado) <\/em><\/span><\/p>\n<p>&nbsp;<\/p>\n<p><span style=\"font-family: Arial, sans-serif;\"><em><strong>7\u00aa etapa: SETEMBRO\/2014<\/strong><\/em><\/span><\/p>\n<p><span style=\"font-family: Arial, sans-serif;\"><em>Categoria Pr\u00e9-Mirim e Mirim e Estreantes dia 23\/09\/2014 (ter\u00e7a-feira)<\/em><\/span><\/p>\n<p><span style=\"font-family: Arial, sans-serif;\"><em>Categoria Infantil\/Juvenil e Absoluto dia 25\/09\/2014 (quinta-feira)<\/em><\/span><\/p>\n<p><span style=\"font-family: Arial, sans-serif;\"><em>Categoria Veterano +- dia 27\/09\/2014 (s\u00e1bado) <\/em><\/span><\/p>\n<p>&nbsp;<\/p>\n<p><span style=\"font-family: Arial, sans-serif;\"><em><strong>8\u00aa etapa: OUTUBRO\/2014<\/strong><\/em><\/span><\/p>\n<p><span style=\"font-family: Arial, sans-serif;\"><em>Categoria Pr\u00e9-Mirim e Mirim e Estreantes dia 30\/10\/2014 (quinta-feira)<\/em><\/span><\/p>\n<p><span style=\"font-family: Arial, sans-serif;\"><em>Categoria Infantil\/Juvenil e Absoluto dia 28\/10\/2014 (ter\u00e7a-feira)<\/em><\/span><\/p>\n<p><span style=\"font-family: Arial, sans-serif;\"><em>Categoria Veterano +- dia 25\/10\/2014 (s\u00e1bado) <\/em><\/span><\/p>\n<p>&nbsp;<\/p>\n<p><span style=\"font-family: Arial, sans-serif;\"><em><strong>9\u00aa etapa: NOVEMBRO\/2014<\/strong><\/em><\/span><\/p>\n<p><span style=\"font-family: Arial, sans-serif;\"><em>Categoria Pr\u00e9-Mirim e Mirim e Estreantes dia 27\/11\/2014 (quinta-feira)<\/em><\/span><\/p>\n<p><span style=\"font-family: Arial, sans-serif;\"><em>Categoria Infantil\/Juvenil e Absoluto dia 25\/11\/2014 (ter\u00e7a-feira)<\/em><\/span><\/p>\n<p><span style=\"font-family: Arial, sans-serif;\"><em>Categoria Veterano +- dia 29\/11\/2014 (s\u00e1bado) <\/em><\/span><\/p>\n<p>&nbsp;<\/p>\n<p><span style=\"font-family: Arial, sans-serif;\"><em><strong>10\u00aa etapa: DEZEMBRO\/2014<\/strong><\/em><\/span><\/p>\n<p><span style=\"font-family: Arial, sans-serif;\"><em>Categoria Pr\u00e9-Mirim e Mirim e Estreantes dia 18\/12\/2014 (quinta-feira)<\/em><\/span><\/p>\n<p><span style=\"font-family: Arial, sans-serif;\"><em>Categoria Infantil\/Juvenil e Absoluto dia 16\/12\/2014 (ter\u00e7a-feira)<\/em><\/span><\/p>\n<p><span style=\"font-family: Arial, sans-serif;\"><em>Categoria Veterano +- dia 20\/12\/2014 (s\u00e1bado) <\/em><\/span><\/p>\n<p>&nbsp;<\/p>\n<p>&nbsp;<\/p>\n<p><span style=\"font-family: Arial, sans-serif;\"><em><strong>Observa\u00e7\u00f5es:<\/strong><\/em><\/span><\/p>\n<p>&nbsp;<\/p>\n<p><span style=\"font-family: Arial, sans-serif;\"><em><strong>Devido a realiza\u00e7\u00e3o da Copa do Mundo entre 12 de junho a 13 de julho\/2014, no m\u00eas de junho deixaremos de realizar a 5\u00aa etapa, que ser\u00e1 realizada no m\u00eas de julho, e em dezembro ser\u00e1 realizada a 10\u00aa etapa.<\/strong><\/em><\/span><\/p>\n<p>&nbsp;<\/p>\n<p><span style=\"font-family: Arial, sans-serif;\"><em><strong>O Ranking mudar\u00e1 a pontua\u00e7\u00e3o, sendo a seguinte:<\/strong><\/em><\/span><\/p>\n<p><span style=\"font-family: Arial, sans-serif;\"><em><strong>1\u00ba lugar \u2013 500 pontos; 2\u00ba lugar \u2013 400 pontos; 3\u00ba lugar &#8211; 250 pontos; 4\u00ba lugar \u2013200 pontos; 5\u00ba lugar \u2013 180pontos ; 6\u00ba lugar \u2013 160 pontos; 7\u00ba lugar \u2013 140 pontos; 8\u00ba lugar -120 pontos; 9\u00ba lugar \u2013 100 pontos; 10\u00ba lugar \u2013 80 pontos; 11\u00ba lugar \u2013 60 pontos; 12\u00ba lugar- 50 pontos; 13\u00ba lugar -40 pontos; 14\u00ba lugar \u2013 30 pontos; 15\u00ba lugar 25 pontos; 16\u00ba lugar \u2013 20 pontos; 17\u00ba lugar \u2013 15 pontos; 18\u00ba lugar \u2013 14 pontos; 19\u00ba lugar \u201313 pontos; 20\u00ba lugar 11 pontos e do 21\u00ba a 30\u00ba lugar 10 pontos e do 31\u00ba a 40\u00ba lugar 08 pontos e do 41\u00ba a 50\u00ba lugar 05 pontos <\/strong><\/em><\/span><\/p>\n","protected":false},"excerpt":{"rendered":"<p>Calend\u00e1rio das ETAPAS do T\u00caNIS DE MESA FTMAC \/ Local : A.A.B.B. &nbsp; Calend\u00e1rio das Atividades da FTMEAC, para o Ranking Acriano de 2014 \u2013 Circuito 2014 &nbsp; 1\u00aa etapa: FEVEREIRO\/2014 Categoria Pr\u00e9-Mirim e Mirim, e Estreantes dia 25\/02\/2014 (ter\u00e7a-feira) Infantil\/Juvenil e Absoluto dia 27\/02\/2014 ( quinta-feira) Categoria Veterano + dia 01\/03\/2014 (s\u00e1bado) &nbsp; 2\u00aa [&hellip;]<\/p>\n","protected":false},"author":2,"featured_media":0,"parent":0,"menu_order":0,"comment_status":"closed","ping_status":"closed","template":"","meta":{"footnotes":""},"class_list":["post-170","page","type-page","status-publish","hentry"],"_links":{"self":[{"href":"https:\/\/tenisdemesaacre.com.br\/site\/wp-json\/wp\/v2\/pages\/170","targetHints":{"allow":["GET"]}}],"collection":[{"href":"https:\/\/tenisdemesaacre.com.br\/site\/wp-json\/wp\/v2\/pages"}],"about":[{"href":"https:\/\/tenisdemesaacre.com.br\/site\/wp-json\/wp\/v2\/types\/page"}],"author":[{"embeddable":true,"href":"https:\/\/tenisdemesaacre.com.br\/site\/wp-json\/wp\/v2\/users\/2"}],"replies":[{"embeddable":true,"href":"https:\/\/tenisdemesaacre.com.br\/site\/wp-json\/wp\/v2\/comments?post=170"}],"version-history":[{"count":9,"href":"https:\/\/tenisdemesaacre.com.br\/site\/wp-json\/wp\/v2\/pages\/170\/revisions"}],"predecessor-version":[{"id":2070,"href":"https:\/\/tenisdemesaacre.com.br\/site\/wp-json\/wp\/v2\/pages\/170\/revisions\/2070"}],"wp:attachment":[{"href":"https:\/\/tenisdemesaacre.com.br\/site\/wp-json\/wp\/v2\/media?parent=170"}],"curies":[{"name":"wp","href":"https:\/\/api.w.org\/{rel}","templated":true}]}}