{"id":2887,"date":"2018-10-26T19:06:10","date_gmt":"2018-10-26T19:06:10","guid":{"rendered":"http:\/\/tenisdemesaacre.com.br\/site\/?page_id=2887"},"modified":"2018-11-01T16:40:50","modified_gmt":"2018-11-01T16:40:50","slug":"1o-open-de-tenis-de-mesa-do-estado-do-acre","status":"publish","type":"page","link":"https:\/\/tenisdemesaacre.com.br\/site\/1o-open-de-tenis-de-mesa-do-estado-do-acre\/","title":{"rendered":"1\u00ba Open de T\u00eanis de Mesa do Estado do Acre"},"content":{"rendered":"\n<div class=\"wp-block-image\"><figure class=\"aligncenter is-resized\"><img loading=\"lazy\" decoding=\"async\" src=\"http:\/\/tenisdemesaacre.com.br\/site\/wp-content\/uploads\/2018\/11\/open-1.jpeg\" alt=\"\" class=\"wp-image-2933\" width=\"370\" height=\"522\" srcset=\"https:\/\/tenisdemesaacre.com.br\/site\/wp-content\/uploads\/2018\/11\/open-1.jpeg 900w, https:\/\/tenisdemesaacre.com.br\/site\/wp-content\/uploads\/2018\/11\/open-1-212x300.jpeg 212w, https:\/\/tenisdemesaacre.com.br\/site\/wp-content\/uploads\/2018\/11\/open-1-768x1085.jpeg 768w, https:\/\/tenisdemesaacre.com.br\/site\/wp-content\/uploads\/2018\/11\/open-1-725x1024.jpeg 725w\" sizes=\"auto, (max-width: 370px) 100vw, 370px\" \/><\/figure><\/div>\n\n\n\n<p>Acontecer\u00e1 em Rio Branco-AC nos dias 08 e 09 de dezembro de 2018 o primeiro Open de T\u00eanis de Mesa do Estado do Acre nas categorias:<br><strong>Absoluto, Master(40+), S\u00e9rie B (Intermediario), Feminino e Juvenil (at\u00e9 18).<\/strong><\/p>\n\n\n\n<p>Local: <strong><a href=\"https:\/\/goo.gl\/maps\/uY4nXnWpUF32\">AABB<\/a><\/strong> e <strong><a href=\"https:\/\/goo.gl\/maps\/Kijhe67WXS12\">AATM<\/a><\/strong><br>Valor da inscri\u00e7\u00e3o:<strong> 50,00<\/strong> (cinquenta reais) por categoria<br>Encerramento das inscri\u00e7\u00f5es dia <strong>30\/11\/2018<\/strong><\/p>\n\n\n\n<p>Dados banc\u00e1rios para transfer\u00eancia:<br>Banco do Brasil<br>Ag\u00eancia 3022-8<br>Conta Corrente 77881-8<br>Enviar comprovante no Whatsapp (68) 99978-3904<\/p>\n\n\n\n<p>Formul\u00e1rio para inscri\u00e7\u00e3o:<\/p>\n\n\n\n<div class=\"wp-block-image\"><figure class=\"aligncenter is-resized\"><img loading=\"lazy\" decoding=\"async\" src=\"http:\/\/tenisdemesaacre.com.br\/site\/wp-content\/uploads\/2018\/10\/duas_raquetes.jpg\" alt=\"\" class=\"wp-image-2892\" width=\"162\" height=\"119\" srcset=\"https:\/\/tenisdemesaacre.com.br\/site\/wp-content\/uploads\/2018\/10\/duas_raquetes.jpg 600w, https:\/\/tenisdemesaacre.com.br\/site\/wp-content\/uploads\/2018\/10\/duas_raquetes-300x221.jpg 300w\" sizes=\"auto, (max-width: 162px) 100vw, 162px\" \/><\/figure><\/div>\n\n\n<noscript class=\"ninja-forms-noscript-message\">\n\tAviso: O JavaScript \u00e9 necess\u00e1rio para esse conte\u00fado.<\/noscript>\nNenhum campo encontrado.<div id=\"nf-form-1-cont\" class=\"nf-form-cont\" aria-live=\"polite\" aria-labelledby=\"nf-form-title-1\" aria-describedby=\"nf-form-errors-1\" role=\"form\">\n\n    <div class=\"nf-loading-spinner\"><\/div>\n\n<\/div>\n        <!-- That data is being printed as a workaround to page builders reordering the order of the scripts loaded-->\n        <script>var formDisplay=1;var nfForms=nfForms||[];var form=[];form.id='1';form.settings={\"ninjaForms\":\"Ninja Forms\",\"changeEmailErrorMsg\":\"Digite um endere\\u00e7o de e-mail v\\u00e1lido!\",\"changeDateErrorMsg\":\"Digite uma data v\\u00e1lida!\",\"confirmFieldErrorMsg\":\"Estes campos devem corresponder!\",\"fieldNumberNumMinError\":\"Erro no n\\u00famero m\\u00ednimo\",\"fieldNumberNumMaxError\":\"Erro no n\\u00famero m\\u00e1ximo\",\"fieldNumberIncrementBy\":\"Incremente por \",\"fieldTextareaRTEInsertLink\":\"Insira o Link\",\"fieldTextareaRTEInsertMedia\":\"Inserir m\\u00eddia\",\"fieldTextareaRTESelectAFile\":\"Selecionar Arquivo\",\"formErrorsCorrectErrors\":\"Corrija os erros antes de enviar este formul\\u00e1rio.\",\"formHoneypot\":\"Se voc\\u00ea for um humano, deixe este campo em branco.\",\"validateRequiredField\":\"Este campo \\u00e9 obrigat\\u00f3rio.\",\"honeypotHoneypotError\":\"Erro do Honeypot\",\"fileUploadOldCodeFileUploadInProgress\":\"Upload de arquivo em andamento.\",\"fileUploadOldCodeFileUpload\":\"UPLOAD DE ARQUIVO\",\"currencySymbol\":\"&#36;\",\"fieldsMarkedRequired\":\"Campos marcados com <span class=\\\"ninja-forms-req-symbol\\\">*<\\\/span> s\\u00e3o requeridos\",\"thousands_sep\":\".\",\"decimal_point\":\",\",\"siteLocale\":\"pt_BR\",\"dateFormat\":\"d\\\/m\\\/Y\",\"startOfWeek\":\"1\",\"of\":\"de\",\"previousMonth\":\"M\\u00eas anterior\",\"nextMonth\":\"Pr\\u00f3ximo m\\u00eas\",\"months\":[\"Janeiro\",\"Fevereiro\",\"Mar\\u00e7o\",\"Abril\",\"Maio\",\"Junho\",\"Julho\",\"Agosto\",\"Setembro\",\"Outubro\",\"Novembro\",\"Dezembro\"],\"monthsShort\":[\"Jan\",\"Fev\",\"Mar\",\"Abr\",\"Maio\",\"Jun\",\"Jul\",\"Ago\",\"Set\",\"Out\",\"Nov\",\"Dez\"],\"weekdays\":[\"Domingo\",\"Segunda-feira\",\"Ter\\u00e7a-feira\",\"Quarta-feira\",\"Quinta-feira\",\"Sexta-feira\",\"S\\u00e1bado\"],\"weekdaysShort\":[\"Dom\",\"Seg\",\"Ter\",\"Qua\",\"Qui\",\"Sex\",\"Sat\"],\"weekdaysMin\":[\"Su\",\"Mo\",\"Tu\",\"We\",\"Th\",\"Fr\",\"Sa\"],\"recaptchaConsentMissing\":\"reCaptcha validation couldn&#039;t load.\",\"recaptchaMissingCookie\":\"reCaptcha v3 validation couldn&#039;t load the cookie needed to submit the form.\",\"recaptchaConsentEvent\":\"Accept reCaptcha cookies before sending the form.\",\"embed_form\":\"\",\"currency_symbol\":\"\",\"title\":\"\",\"beforeForm\":\"\",\"beforeFields\":\"\",\"afterFields\":\"\",\"afterForm\":\"\"};form.fields=[];nfForms.push(form);<\/script>\n        ","protected":false},"excerpt":{"rendered":"<p>Acontecer\u00e1 em Rio Branco-AC nos dias 08 e 09 de dezembro de 2018 o primeiro Open de T\u00eanis de Mesa do Estado do Acre nas categorias:Absoluto, Master(40+), S\u00e9rie B (Intermediario), Feminino e Juvenil (at\u00e9 18). Local: AABB e AATMValor da inscri\u00e7\u00e3o: 50,00 (cinquenta reais) por categoriaEncerramento das inscri\u00e7\u00f5es dia 30\/11\/2018 Dados banc\u00e1rios para transfer\u00eancia:Banco do [&hellip;]<\/p>\n","protected":false},"author":21622,"featured_media":0,"parent":0,"menu_order":0,"comment_status":"closed","ping_status":"closed","template":"template_sem_lateral.php","meta":{"footnotes":""},"class_list":["post-2887","page","type-page","status-publish","hentry"],"_links":{"self":[{"href":"https:\/\/tenisdemesaacre.com.br\/site\/wp-json\/wp\/v2\/pages\/2887","targetHints":{"allow":["GET"]}}],"collection":[{"href":"https:\/\/tenisdemesaacre.com.br\/site\/wp-json\/wp\/v2\/pages"}],"about":[{"href":"https:\/\/tenisdemesaacre.com.br\/site\/wp-json\/wp\/v2\/types\/page"}],"author":[{"embeddable":true,"href":"https:\/\/tenisdemesaacre.com.br\/site\/wp-json\/wp\/v2\/users\/21622"}],"replies":[{"embeddable":true,"href":"https:\/\/tenisdemesaacre.com.br\/site\/wp-json\/wp\/v2\/comments?post=2887"}],"version-history":[{"count":10,"href":"https:\/\/tenisdemesaacre.com.br\/site\/wp-json\/wp\/v2\/pages\/2887\/revisions"}],"predecessor-version":[{"id":2936,"href":"https:\/\/tenisdemesaacre.com.br\/site\/wp-json\/wp\/v2\/pages\/2887\/revisions\/2936"}],"wp:attachment":[{"href":"https:\/\/tenisdemesaacre.com.br\/site\/wp-json\/wp\/v2\/media?parent=2887"}],"curies":[{"name":"wp","href":"https:\/\/api.w.org\/{rel}","templated":true}]}}