{"id":47,"date":"2012-06-28T13:41:33","date_gmt":"2012-06-28T13:41:33","guid":{"rendered":"http:\/\/tenisdemesaacre.com.br\/site\/?page_id=47"},"modified":"2022-07-30T17:53:49","modified_gmt":"2022-07-30T17:53:49","slug":"a-escolinha","status":"publish","type":"page","link":"https:\/\/tenisdemesaacre.com.br\/site\/a-escolinha\/","title":{"rendered":"A Escolinha"},"content":{"rendered":"<p style=\"text-align: center;\">\n<p>A Escolinha de T\u00eanis de Mesa \u00e9 um trabalho volunt\u00e1rio de alguns abnegados e, acima de tudo, amantes dessa fant\u00e1stica modalidade esportiva que tem benef\u00edcios a propiciar a todos que a praticam, independentemente de Idade.<\/p>\n<p>Conta com uma parceria da AABB Rio Branco e Federa\u00e7\u00e3o de T\u00eanis de Mesa do Estado do Acre.<\/p>\n<p><strong>Atividades que tem \u00e0 frente seu idealizador e incentivador, Manoel Bento, s\u00e3o realizadas \u00e0s ter\u00e7as e sexta, \u00e0 partir das 19:00, encerrando \u00e0s 21:00 horas.<\/strong><\/p>\n<p>Taxa mensal de R$ 65,00 reais.<\/p>\n<p>N\u00e3o h\u00e1 limite de idade. Alguns pa\u00edses asi\u00e1ticos utilizam esse esporte para melhorar uma concentra\u00e7\u00e3o de crian\u00e7as e adolescentes, melhorando o rendimento escolar. Degenerativas os Estados Unidos incentivam sua pr\u00e1tica as PESSOAS de meia Idade como Meio para prevenir doen\u00e7as do c\u00e9rebro.<\/p>\n<p><strong>Visite-nos. Seja bem vindo. Manoel Bento &#8211; Professor da Escolinha<br \/>\n<\/strong><\/p>\n<pre><\/pre>\n<h1>Onde praticar?<\/h1>\n<p>Quadra ESPORTIVAS da AABB Rio Branco <strong>Estrada Dias Martins, 145 &#8211; Esta\u00e7\u00e3o Experimental &#8211; Rio Branco (AC)<\/strong> Hor\u00e1rio: a Partir Ter\u00e7as e Sextas das 19:00 21:00 Como <small><a href=\"http:\/\/maps.google.com.br\/maps?hl=pt-BR&amp;ie=UTF8&amp;q=AABB-Associa%C3%A7%C3%A3o+Atl%C3%A9tica+Banco+do+Brasil&amp;fb=1&amp;cid=0,0,10843528602429566263&amp;near=Rio+Branco+-+AC&amp;t=m&amp;ll=-9.96175,-67.865242&amp;spn=0.005072,0.006866&amp;z=17&amp;iwloc=A&amp;source=embed\">Exibir mapa ampliado<\/a><\/small><\/p>\n","protected":false},"excerpt":{"rendered":"<p>A Escolinha de T\u00eanis de Mesa \u00e9 um trabalho volunt\u00e1rio de alguns abnegados e, acima de tudo, amantes dessa fant\u00e1stica modalidade esportiva que tem benef\u00edcios a propiciar a todos que a praticam, independentemente de Idade. Conta com uma parceria da AABB Rio Branco e Federa\u00e7\u00e3o de T\u00eanis de Mesa do Estado do Acre. Atividades que [&hellip;]<\/p>\n","protected":false},"author":2,"featured_media":398,"parent":0,"menu_order":0,"comment_status":"closed","ping_status":"open","template":"","meta":{"footnotes":""},"class_list":["post-47","page","type-page","status-publish","has-post-thumbnail","hentry"],"_links":{"self":[{"href":"https:\/\/tenisdemesaacre.com.br\/site\/wp-json\/wp\/v2\/pages\/47","targetHints":{"allow":["GET"]}}],"collection":[{"href":"https:\/\/tenisdemesaacre.com.br\/site\/wp-json\/wp\/v2\/pages"}],"about":[{"href":"https:\/\/tenisdemesaacre.com.br\/site\/wp-json\/wp\/v2\/types\/page"}],"author":[{"embeddable":true,"href":"https:\/\/tenisdemesaacre.com.br\/site\/wp-json\/wp\/v2\/users\/2"}],"replies":[{"embeddable":true,"href":"https:\/\/tenisdemesaacre.com.br\/site\/wp-json\/wp\/v2\/comments?post=47"}],"version-history":[{"count":29,"href":"https:\/\/tenisdemesaacre.com.br\/site\/wp-json\/wp\/v2\/pages\/47\/revisions"}],"predecessor-version":[{"id":3379,"href":"https:\/\/tenisdemesaacre.com.br\/site\/wp-json\/wp\/v2\/pages\/47\/revisions\/3379"}],"wp:featuredmedia":[{"embeddable":true,"href":"https:\/\/tenisdemesaacre.com.br\/site\/wp-json\/wp\/v2\/media\/398"}],"wp:attachment":[{"href":"https:\/\/tenisdemesaacre.com.br\/site\/wp-json\/wp\/v2\/media?parent=47"}],"curies":[{"name":"wp","href":"https:\/\/api.w.org\/{rel}","templated":true}]}}