{"id":71,"date":"2012-06-28T15:32:42","date_gmt":"2012-06-28T15:32:42","guid":{"rendered":"http:\/\/tenisdemesaacre.com.br\/site\/?page_id=71"},"modified":"2022-12-02T15:07:54","modified_gmt":"2022-12-02T15:07:54","slug":"o-tenis-de-mesa","status":"publish","type":"page","link":"https:\/\/tenisdemesaacre.com.br\/site\/o-tenis-de-mesa\/","title":{"rendered":"O T\u00eanis de Mesa"},"content":{"rendered":"\n<h2 class=\"wp-block-heading\">&nbsp;<\/h2>\n\n\n\n<h2 class=\"wp-block-heading\">O Surgimento&#8230;<\/h2>\n\n\n\n<p>Nascido e desenvolvido na Inglaterra durante a segunda metade do S\u00e9culo XIX, teve sua origem a partir do jogo medieval de t\u00eanis, que costumava ser jogado tanto ao ar livre quanto em espa\u00e7os fechados. O t\u00eanis de mesa, portanto, foi concebido para ser um passatempo social, jogado em salas fechadas, especialmente no inverno, quando era mais dif\u00edcil praticar o t\u00eanis de campo. Os primeiros registros do t\u00eanis de mesa revelam um jogo rude, iniciado por estudantes universit\u00e1rios com livros dispostos no lugar da rede, e por militares que o praticavam com equipamentos improvisados.<\/p>\n\n\n\n<p>As raquetes podiam ser de madeira, papel\u00e3o ou tripa de animal, cobertas algumas vezes por corti\u00e7a, lixa ou tecido. As bolas, de corti\u00e7a ou borracha. As redes, de diferentes alturas \u2013 algumas vezes constitu\u00eddas de um simples fio. Mesas de diferentes tamanhos, partidas com contagens de 10 ou 100 pontos, saques com um \u201cquique\u201d inicial na metade da mesa do sacador, sistema atual, ou diretamente na outra metade de encontro a um espa\u00e7o limitado ou n\u00e3o, por\u00e9m, com a obrigatoriedade de o sacador estar afastado da linha de fundo da mesa. Nunca figuravam quatro tipos diferentes de duplas. Em qualquer caso, era virtualmente o mesmo tipo de jogo, embora tivesse muitos nomes.<\/p>\n\n\n\n<p>No S\u00e9culo XIX, James Gibb, ingl\u00eas, ex-corredor de maratonas, volta de uma viagem de neg\u00f3cios aos Estados Unidos com bolas de celuloide de brinquedo, que ele imaginou poderem ser \u00fateis para este jogo em seu pa\u00eds. Ouvindo-as serem golpeadas por uma raquete oca, de cabo longo e feita de pele de carneiro, ent\u00e3o bastante popular, associou os sons produzidos pela bola na raquete com o som \u201dpingue-pongue\u201d, dando assim origem ao nome do jogo. O nome \u201cPing Pong\u201d \u00e9 ent\u00e3o criado pela empresa inglesa J. Jaques and Son no final dos anos de 1800s, sendo registrado como marca pela empresa note-americana Parker Brothers.<\/p>\n\n\n\n<p>Os primeiros torneios s\u00e3o realizados a partir de 1901, com registro de centenas de participantes. Assim se cria a \u201cPing-Pong Association\u201d, que \u00e9 substitu\u00edda em 1922 pela \u201cTable Tennis Association\u201d, dando lugar \u00e0 International Table Tennis Federation (ITTF) em 1926. Nos anos de 1950 surge uma das grandes revolu\u00e7\u00f5es do esporte: a inven\u00e7\u00e3o da esponja ou \u201csandu\u00edche de borracha\u201d, um novo material para as raquetes que, at\u00e9 hoje, diminui a espessura relativa da raquete.<\/p>\n\n\n\n<p>Com a evolu\u00e7\u00e3o do esporte, a ITTF buscou regular o uso de equipamentos para garantir o equil\u00edbrio e a sa\u00fade dos atletas. O jogo ganha velocidade e golpes pl\u00e1sticos, com efeito. A modalidade, criada na Inglaterra, passa a ter domin\u00e2ncia asi\u00e1tica, sendo praticado em diferentes partes do mundo. Em diferentes ambientes e por diferentes grupos de pessoas. Este \u00e9 o t\u00eanis de mesa. A sua hist\u00f3ria est\u00e1 detalhada na linha do tempo, com destaque para fatos marcantes.<\/p>\n\n\n\n<h2 class=\"wp-block-heading\">No Brasil&#8230;<\/h2>\n\n\n\n<p>No Brasil, os iniciantes da pr\u00e1tica do esporte eram turistas ingleses que, por volta de 1905, come\u00e7aram a implant\u00e1-lo no pa\u00eds. No ano de 1912 foi disputado o primeiro campeonato por equipes na cidade de S\u00e3o Paulo, sagrando-se vencedor o Vit\u00f3ria Ideal Clube. At\u00e9 ent\u00e3o, o t\u00eanis de mesa era praticado somente em casas particulares e em clubes.<\/p>\n\n\n\n<h2 class=\"wp-block-heading\">O jogo&#8230;<\/h2>\n\n\n\n<p>Uma partida de t\u00eanis de mesa \u00e9 disputada em melhor de qualquer n\u00famero de sets \u00edmpares. Usualmente, torneios nacionais s\u00e3o disputados em melhor de 5 sets e torneios internacionais em melhor de 7 sets, o que significa que o jogador ou dupla que vencer, respectivamente, 3 ou 4 sets vence a partida. Para vencer um set, o jogador ou dupla precisa somar 11 pontos ou, em caso de empate em 10 pontos, somar dois pontos de vantagem em rela\u00e7\u00e3o ao seu advers\u00e1rio.<\/p>\n\n\n\n<p>A partida se inicia com o saque de um dos oponentes conforme a ordem de saque escolhida pelo vencedor do sorteio para tal fim. Cada jogador tem o direito de sacar duas vezes consecutivas independente da pontua\u00e7\u00e3o que obtiver. Em duplas, a ordem de saque \u00e9 alternada entre as duplas e entre os jogadores de modo que cada um dos quatro jogadores saque.<\/p>\n\n\n\n<h2 class=\"wp-block-heading\">Para a sa\u00fade&#8230;<\/h2>\n\n\n\n<p><span style=\"font-size: small;\">1)&nbsp;&nbsp;&nbsp;Melhora a circula\u00e7\u00e3o sang\u00fc\u00ednea.<\/span><\/p>\n\n\n\n<p><span style=\"font-size: small;\">2)&nbsp;&nbsp;&nbsp;Desenvolve a velocidade de&nbsp;<em>racioc\u00ednio<\/em>&nbsp;e a habilidade.<\/span><\/p>\n\n\n\n<p><span style=\"font-size: small;\">3)&nbsp;&nbsp;&nbsp;Melhora a coordena\u00e7\u00e3o motora e reflexos.<\/span><\/p>\n\n\n\n<p><span style=\"font-size: small;\">4)&nbsp;&nbsp;&nbsp;Melhora a vis\u00e3o e exercita os nervos do c\u00e9rebro.<\/span><\/p>\n\n\n\n<p><span style=\"font-size: small;\">5)&nbsp;&nbsp;&nbsp;\u00c9 \u00f3timo para queimar calorias.<\/span><\/p>\n\n\n\n<p><span style=\"font-size: small;\">6)&nbsp;&nbsp;&nbsp;Numa partida n\u00e3o existe&nbsp;<em>choques f\u00edsicos<\/em>, evitando-se traumas e brigas.<\/span><\/p>\n\n\n\n<p><span style=\"font-size: small;\">7)&nbsp;&nbsp;&nbsp;\u00cb considerado um dos esportes em que mais se utiliza o racioc\u00ednio.<br><\/span><\/p>\n\n\n\n<h2 class=\"wp-block-heading\">Para seus sonhos como atleta de alto n\u00edvel:<\/h2>\n\n\n\n<p><span style=\"font-size: small;\">8)&nbsp;&nbsp;&nbsp;\u00cb um esporte individual, voc\u00ea n\u00e3o depende de terceiros para vencer.<\/span><\/p>\n\n\n\n<p><span style=\"font-size: small;\">9)&nbsp;&nbsp;&nbsp;N\u00e3o \u00e9 necess\u00e1rio um&nbsp;<em>biotipo especial<\/em>. Basta ter t\u00e9cnica e habilidade.<\/span><\/p>\n\n\n\n<p><span style=\"font-size: small;\">10) N\u00e3o precisa sacrificar\/abandonar os&nbsp;<em>estudos<\/em>&nbsp;para se chegar num alto n\u00edvel.<\/span><\/p>\n\n\n\n<p><span style=\"font-size: small;\">11) N\u00e3o existem muitos atletas, portanto h\u00e1 maior chance de se chegar numa sele\u00e7\u00e3o&nbsp;nacional.<\/span><\/p>\n\n\n\n<p><span style=\"font-size: small;\">12) Regras f\u00e1ceis e um esporte dividido em categorias (Pr\u00e9-mirim a Veteranos)<br><\/span><\/p>\n\n\n\n<h2 class=\"wp-block-heading\">Para sua forma\u00e7\u00e3o\/educa\u00e7\u00e3o&#8230;<\/h2>\n\n\n\n<p><span style=\"font-size: small;\">13) Toda a&nbsp;<em>fam\u00edlia<\/em>&nbsp;pode participar&nbsp;<em>junta<\/em>, praticando.<\/span><\/p>\n\n\n\n<p><span style=\"font-size: small;\">14)&nbsp;&nbsp;Ensina a programar e planejar para treinar corretamente com objetivos.<\/span><\/p>\n\n\n\n<p><span style=\"font-size: small;\">15) N\u00e3o existe a vantagem por ser mais velho, as chances s\u00e3o iguais para todos.<\/span><\/p>\n\n\n\n<p><span style=\"font-size: small;\">16) Como todo o esporte, ensina a vencer, perder e lutar.<\/span><\/p>\n\n\n\n<p><span style=\"font-size: small;\">17) Desenvolve muito a disciplina e a concentra\u00e7\u00e3o.(O que pode ser utilizado nos estudos&nbsp;tamb\u00e9m).<\/span><\/p>\n\n\n\n<p><span style=\"font-size: small;\">18) Todo atleta de destaque consegue ser diferenciado no tratamento (Tanto na Escola&nbsp;como no Emprego).<br><\/span><\/p>\n\n\n\n<h2 class=\"wp-block-heading\">Aspectos gerais&#8230;<\/h2>\n\n\n\n<p><span style=\"font-size: small;\">19) O futebol \u00e9 o esporte mais popular, por\u00e9m o t\u00eanis de mesa \u00e9 f\u00e1cil e simples de se&nbsp;praticar, por muitos motivos; em especial \u201cn\u00e3o ter contato f\u00edsico\u201d.<\/span><\/p>\n\n\n\n<p><span style=\"font-size: small;\">20) N\u00e3o \u00e9 necess\u00e1ria uma grande Infra-estrutura como um gin\u00e1sio, \u00e1rea, etc.&nbsp;basta uma mesa, rede, bola e raquetes numa pequena sala.<\/span><\/p>\n\n\n\n<p><span style=\"font-size: small;\">21) Para se praticar n\u00e3o s\u00e3o necess\u00e1rios muitos participantes apenas dois, enquanto que outras modalidades: 22-futebol, 12-volley, 10-futsal, 10-basquete.<\/span><\/p>\n\n\n\n<p><span style=\"font-size: small;\">22) O&nbsp;<em>atleta<\/em>&nbsp;ao treinar, concentra seus objetivos na modalidade e geralmente n\u00e3o fuma,&nbsp;n\u00e3o bebe, fica longe das drogas e das m\u00e1s companhias.&nbsp;<\/span><\/p>\n\n\n\n<p><span style=\"font-size: small;\">23) Existem muitos campeonatos, por isso o t\u00eanis de mesa faz com que o atleta viaje&nbsp;bastante, conhecendo muitas cidades, consequentemente fazendo novas amizades.<\/span><\/p>\n\n\n\n<address style=\"text-align: right;\">textos retirados de:&nbsp;<a href=\"hhttps:\/\/www.cbtm.org.br\/conteudo\/detalhe\/5\">https:\/\/www.cbtm.org.br\/conteudo\/detalhe\/5<\/a>&nbsp;<\/address>\n","protected":false},"excerpt":{"rendered":"<p>&nbsp; O Surgimento&#8230; Nascido e desenvolvido na Inglaterra durante a segunda metade do S\u00e9culo XIX, teve sua origem a partir do jogo medieval de t\u00eanis, que costumava ser jogado tanto ao ar livre quanto em espa\u00e7os fechados. O t\u00eanis de mesa, portanto, foi concebido para ser um passatempo social, jogado em salas fechadas, especialmente no [&hellip;]<\/p>\n","protected":false},"author":2,"featured_media":3437,"parent":0,"menu_order":0,"comment_status":"closed","ping_status":"open","template":"","meta":{"footnotes":""},"class_list":["post-71","page","type-page","status-publish","has-post-thumbnail","hentry"],"_links":{"self":[{"href":"https:\/\/tenisdemesaacre.com.br\/site\/wp-json\/wp\/v2\/pages\/71","targetHints":{"allow":["GET"]}}],"collection":[{"href":"https:\/\/tenisdemesaacre.com.br\/site\/wp-json\/wp\/v2\/pages"}],"about":[{"href":"https:\/\/tenisdemesaacre.com.br\/site\/wp-json\/wp\/v2\/types\/page"}],"author":[{"embeddable":true,"href":"https:\/\/tenisdemesaacre.com.br\/site\/wp-json\/wp\/v2\/users\/2"}],"replies":[{"embeddable":true,"href":"https:\/\/tenisdemesaacre.com.br\/site\/wp-json\/wp\/v2\/comments?post=71"}],"version-history":[{"count":50,"href":"https:\/\/tenisdemesaacre.com.br\/site\/wp-json\/wp\/v2\/pages\/71\/revisions"}],"predecessor-version":[{"id":3438,"href":"https:\/\/tenisdemesaacre.com.br\/site\/wp-json\/wp\/v2\/pages\/71\/revisions\/3438"}],"wp:featuredmedia":[{"embeddable":true,"href":"https:\/\/tenisdemesaacre.com.br\/site\/wp-json\/wp\/v2\/media\/3437"}],"wp:attachment":[{"href":"https:\/\/tenisdemesaacre.com.br\/site\/wp-json\/wp\/v2\/media?parent=71"}],"curies":[{"name":"wp","href":"https:\/\/api.w.org\/{rel}","templated":true}]}}